e j(-17).
-2
Let r(o) = o**3 + 12*o**2 - 18*o - 98. Give r(-13).
-33
Let b(l) = -582*l + 2893. Determine b(5).
-17
Let x(o) = -5*o**3 + 149*o**2 + 28*o - 1. Determine x(30).
-61
Let p(h) = -11*h**3 - h**2 + h - 113. Give p(0).
-113
Let r(y) = 9*y**2 - 27*y + 69. Determine r(4).
105
Let c(v) = -1346*v + 68632. Determine c(51).
-14
Let x(h) = 3*h**3 + 111*h**2 + 15*h + 79. Determine x(-37).
-476
Let w(j) = 2*j**2 - 140*j + 399. Calculate w(3).
-3
Let j(x) = -3*x**3 - 8*x**2 - 3*x + 2. Determine j(-5).
192
Let k(m) = -2*m**2 + 261*m - 317. Calculate k(129).
70
Let u(s) = 8*s**3 - 52*s**2 + 39*s - 73. Determine u(6).
17
Let d(b) = 2*b**2 - 23*b + 104. Give d(17).
291
Let b(n) = -6*n**3 - 3*n**2 - 28*n - 1. Calculate b(-3).
218
Let g(i) = 2112*i - 46458. Calculate g(22).
6
Let t(j) = -2*j - 11. Give t(-3).
-5
Let i(g) = 10*g**2 - 167*g + 21. Determine i(16).
-91
Let m(v) = v**3 - 9*v**2 - 6*v - 80. Give m(10).
-40
Let j(m) = 5*m - 38. Calculate j(33).
127
Let b(c) = -54*c + 1368. What is b(25)?
18
Let a(z) = -2*z**2 + 13*z + 32. Give a(-3).
-25
Let z(s) = s**2 + 9*s - 106. Determine z(10).
84
Let z(a) = 3*a**2 + 25*a - 192. What is z(-17)?
250
Let c(x) = 25*x + 132. Determine c(-10).
-118
Let y(p) = -p**3 + 18*p**2 - 34*p + 36. Determine y(16).
4
Let m(z) = z**3 - 73*z**2 + 459*z + 204. Determine m(66).
6
Let g(w) = -w**3 - 30*w**2 - 41*w - 347. Give g(-29).
1
Let o(m) = m**3 - 119*m**2 + 224*m + 1166. What is o(117)?
-4
Let q(o) = 279*o + 5857. Give q(-21).
-2
Let c(s) = 163*s - 4276. Give c(28).
288
Let s(d) = -d**3 - d**2 - d - 137. Determine s(0).
-137
Let m(s) = -s - 30. Calculate m(1).
-31
Let z(g) = 179*g + 2615. What is z(-14)?
109
Let a(g) = 650*g - 7112. Determine a(11).
38
Let o(v) = -v**3 - 16*v**2 + 13*v - 51. Give o(-17).
17
Let g(t) = 252*t**3 + 2*t - 2. Give g(1).
252
Let h(y) = y**3 + 7*y**2 - 13*y + 18. Give h(-9).
-27
Let w(p) = 2*p**3 + 33*p**2 - 34*p + 378. Give w(-18).
18
Let h(d) = -320*d + 17658. Calculate h(55).
58
Let r(z) = 2*z**3 - 2*z**2 - 17*z + 40. Determine r(2).
14
Let f(l) = 2894*l - 8682. Calculate f(3).
0
Let c(n) = n**3 + 161*n**2 - 178*n - 2578. What is c(-162)?
14
Let c(r) = r**3 - 34*r**2 + 225*r + 7. Calculate c(9).
7
Let v(r) = -r**3 - 10*r**2 + 42*r + 12. Calculate v(-13).
-27
Let v(g) = 241*g - 3374. Calculate v(14).
0
Let m(x) = -x**3 - 38*x**2 - 162*x + 84. Determine m(-33).
-15
Let a(i) = 2*i**2 + 279*i - 2969. Calculate a(10).
21
Let y(z) = 74*z**2 - 12*z - 13. Give y(-3).
689
Let q(a) = 9*a**2 - 771*a - 253. Calculate q(86).
5
Let c(y) = 3*y**2 + 18*y + 60. Determine c(-6).
60
Let d(a) = 4*a**3 - 7*a**2 - 4*a + 8. Calculate d(-5).
-647
Let n(j) = -2*j**2 - 227*j - 465. Calculate n(-111).
90
Let n(o) = -6*o**2 - 137*o + 13. Calculate n(-23).
-10
Let c(q) = -41*q - 1603. Give c(-39).
-4
Let d(p) = -24*p - 296. Calculate d(-13).
16
Let r(g) = 2*g**3 + 214*g**2 - 431*g + 539. What is r(-109)?
-6
Let d(x) = -x**3 + 6*x**2 - 88*x + 416. Determine d(5).
1
Let x(r) = -4416*r + 70665. Determine x(16).
9
Let m(s) = s**3 + 7*s**2 - 53*s - 113. Determine m(-11).
-14
Let c(m) = 4*m**2 + 26*m + 16. Determine c(-7).
30
Let a(h) = h**3 + 25*h**2 + 103*h + 18. Calculate a(-20).
-42
Let w(s) = -5*s - 85. Determine w(-15).
-10
Let x(p) = p**3 + 4*p**2 - 5*p - 13. Determine x(-2).
5
Let z(c) = -578*c - 1133. Determine z(-2).
23
Let y(t) = 12*t**2 - 156*t - 25. Determine y(13).
-25
Let v(f) = f**3 - 22*f**2 - 17*f - 64. Give v(23).
74
Let w(c) = -78*c + 418. What is w(6)?
-50
Let b(l) = l**3 + 22*l**2 + 220*l + 6429. Determine b(-24).
-3
Let a(o) = -4*o**3 + 48*o**2 - o + 22. Determine a(12).
10
Let a(p) = -2702*p - 5399. Give a(-2).
5
Let x(t) = t**3 - 32*t**2 + 248*t - 157. Give x(20).
3
Let t(i) = -34*i**2 - 152*i - 94. Determine t(-4).
-30
Let k(j) = 518*j**3 + 1034*j**2 + j - 2. Give k(-2).
-12
Let x(n) = 239*n - 25823. Determine x(108).
-11
Let d(x) = -15*x**3 + 2*x**2 - 6*x - 18. Determine d(-2).
122
Let s(w) = -258*w + 14967. Give s(58).
3
Let f(y) = -10*y**2 + 158*y + 159. Give f(-1).
-9
Let h(a) = -a**3 - 191*a**2 + 1183*a - 10. Give h(6).
-4
Let u(l) = 650*l + 10477. Determine u(-16).
77
Let y(w) = w**3 + 5*w**2 - 7*w + 18. Determine y(-6).
24
Let c(p) = 935*p + 16837. Calculate c(-18).
7
Let x(h) = 11*h**2 - 82*h - 185. What is x(9)?
-32
Let k(l) = -3*l**2 + l + 20. Give k(-4).
-32
Let y(t) = t**3 - 4*t**2 - t + 16. Determine y(4).
12
Let m(v) = 21*v + 176. Determine m(-5).
71
Let o(m) = -m**3 + 54*m**2 + 357*m + 175. Give o(60).
-5
Let n(i) = 5*i**2 - 6*i - 3. What is n(-1)?
8
Let m(z) = 50*z - 274. What is m(6)?
26
Let a(y) = -y**2 + 11*y + 31. Calculate a(-2).
5
Let d(y) = -170*y + 6623. What is d(39)?
-7
Let g(c) = 10*c + 834. Calculate g(-85).
-16
Let r(y) = 4619*y + 2. Calculate r(0).
2
Let u(k) = 2*k**3 - k**2 - 22*k + 34. Give u(0).
34
Let n(u) = 9*u**2 - 33*u - 21. What is n(5)?
39
Let u(z) = 137*z**2 + 29*z + 30. What is u(-1)?
138
Let t(m) = 598*m**2 - 4771*m - 8. Determine t(8).
96
Let g(a) = 3*a**3 + 8*a**2 - 42*a - 139. Give g(-3).
-22
Let f(b) = b + 329. What is f(14)?
343
Let a(x) = x**2 + 2*x + 16. Calculate a(-3).
19
Let n(t) = -t**3 + 17*t**2 + 33*t - 779. Give n(16).
5
Let d(g) = 67*g - 222. Calculate d(11).
515
Let t(b) = -2*b**3 + 41*b**2 + 168*b + 8. What is t(24)?
8
Let c(f) = -7*f**2 + 26*f - 25. Give c(1).
-6
Let o(k) = k**3 - 11*k**2 - 65*k - 232. Give o(16).
8
Let s(a) = 13*a**2 - 446*a - 9. Give s(34).
-145
Let p(k) = -k**3 - 41*k**2 + 131*k + 13. Calculate p(-44).
57
Let p(s) = -211*s**3 - 2*s**2 - 110*s + 110. Calculate p(1).
-213
Let n(t) = -3*t**2 + 22*t + 69. What is n(10)?
-11
Let r(z) = -2*z**3 - 36*z**2 - 26*z + 143. What is r(-17)?
7
Let m(l) = l**3 + 55*l**2 + 114*l + 437. Calculate m(-53).
13
Let m(d) = 1577*d + 6307. What is m(-4)?
-1
Let s(b) = 2*b**2 - 5*b - 29. Give s(-6).
73
Let o(y) = 2*y**2 - 94*y - 41. Give o(47).
-41
Let n(m) = -m**3 + 16*m**2 + 1613*m + 194. Calculate n(49).
-2
Let n(l) = -92*l - 87. What is n(-2)?
97
Let d(o) = o**3 - 3*o**2 - 5*o + 8. Calculate d(-2).
-2
Let o(n) = 2*n**2 - 29*n - 215. Give o(-6).
31
Let a(y) = y**2 + 85*y + 1444. Calculate a(-25).
-56
Let m(p) = 343*p**2 + 8574*p - 59. Give m(-25).
-34
Let v(r) = -r**3 + 11*r**2 + 15*r + 218. Determine v(15).
-457
Let k(s) = -215*s + 4069. Give k(19).
-16
Let d(x) = x**3 + 74*x**2 + 460*x - 59. Give d(-7).
4
Let l(h) = 1913*h - 1905. Determine l(1).
8
Let l(f) = f**3 + 18*f**2 + 27*f + 115. Give l(-7).
465
Let m(w) = 7574*w + 83310. What is m(-11)?
-4
Let k(h) = h**2 - 83*h - 8396. Determine k(-59).
-18
Let o(j) = 138*j + 1492. What is o(-10)?
112
Let n(m) = 2*m**3 - 4*m**2 + 8*m - 10. Calculate n(2).
6
Let u(o) = -106*o + 2797. What is u(26)?
41
Let t(u) = -18*u - 65. What is t(5)?
-155
Let h(l) = 4*l + 25. Give h(-6).
1
Let g(d) = 2*d**2 + 51*d + 5. Calculate g(-8).
-275
Let m(g) = g**3 + 13*g**2 + 24*g + 5. Calculate m(-10).
65
Let i(h) = -7194*h + 50338. Give i(7).
-20
Let n(t) = 118*t**2 + 1. What is n(-1)?
119
Let n(x) = 2*x**3 - 75*x**2 + 163*x - 4651. Determine n(37).
11
Let j(a) = 2*a**3 - 86*a**2 + 62*a + 928. What is j(42)?
4
Let f(j) = j**3 - 40*j**2 + 43*j - 238. Determine f(39).
-82
Let t(m) = -640*m + 24954. Calculate t(39).
-6
Let t(a) = 17*a**3 - 10*a**2 + 65*a + 74. Calculate t(-1).
-18
Let a(x) = -x**2 - 28*x - 136. Calculate a(-7).
11
Let o(w) = 3*w**2 + 202*w + 249. Give o(-65).
-206
Let w(b) = -5*b**3 - 25*b**2 - 112*b - 555. What is w(-5)?
5
Let d(o) = 81*o**2 + 650*o + 21. What is d(-8)?
5
Let t(z) = -z**2 - 22*z - 81. Calculate t(-13).
36
Let a(u) = u**3 - 156*u**2 + 325*u - 2602. Give a(154).
16
Let p(a) = 25*a - 176. What is p(10)?
74
Let r(s) = s**3 + 23*s**2 + 62*s + 46. Determine r(-20).
6
Let u(t) = -2*t**3 + 13*t**2 + 30*t - 230. Calculate u(6).
-14
Let g(q) = -15*q + 167. What is g(10)?
17
Let h(u) = -215*u + 51. What is h(4)?
-809
Let u(k) = -3*k**3 - k**2 + 5*k + 3. Give u(-2).
13
Let r(a) = 2*a**3 + 5*a**2 - 26*a - 3. Determine r(4).
101
Let j(g) = -g**3 + 82*g**2 + 255*g - 14. What is j(85)?
-14
Let p(x) = -x**3 + 28*x**2 + 64*x - 174. Give p(30).
-54
Let g(c) = -13*c**2 - 649*c - 39. What is g(-50)?
-89
Let u(d) = 46*d + 17. What is u(0)?
17
Let p(v) = 4*v**2 - 133*v - 1. What is p(33)?
-34
Let p(l) = l**2 + 70. Determine p(7).
119
Let y(d) = -21*d